{"id":2127,"date":"2024-01-14T09:30:57","date_gmt":"2024-01-14T09:30:57","guid":{"rendered":"https:\/\/camilasad.zardabi.az\/?page_id=2127"},"modified":"2024-01-14T16:02:25","modified_gmt":"2024-01-14T16:02:25","slug":"deyishen-dunya","status":"publish","type":"page","link":"https:\/\/camilasad.zardabi.az\/index.php\/deyishen-dunya\/","title":{"rendered":"S\u00fcr\u0259tl\u0259 d\u0259yi\u015f\u0259n d\u00fcnya"},"content":{"rendered":"\t\t<div data-elementor-type=\"wp-page\" data-elementor-id=\"2127\" class=\"elementor elementor-2127\">\n\t\t\t\t\t\t\t\t\t<section class=\"elementor-section elementor-top-section elementor-element elementor-element-4692a548 elementor-section-boxed elementor-section-height-default elementor-section-height-default\" data-id=\"4692a548\" data-element_type=\"section\">\n\t\t\t\t\t\t<div class=\"elementor-container elementor-column-gap-default\">\n\t\t\t\t\t<div class=\"elementor-column elementor-col-100 elementor-top-column elementor-element elementor-element-1c69ae47\" data-id=\"1c69ae47\" data-element_type=\"column\">\n\t\t\t<div class=\"elementor-widget-wrap elementor-element-populated\">\n\t\t\t\t\t\t\t\t<div class=\"elementor-element elementor-element-4a02f9ec elementor-widget elementor-widget-text-editor\" data-id=\"4a02f9ec\" data-element_type=\"widget\" data-widget_type=\"text-editor.default\">\n\t\t\t\t<div class=\"elementor-widget-container\">\n\t\t\t<style>\/*! elementor - v3.18.0 - 20-12-2023 *\/\n.elementor-widget-text-editor.elementor-drop-cap-view-stacked .elementor-drop-cap{background-color:#69727d;color:#fff}.elementor-widget-text-editor.elementor-drop-cap-view-framed .elementor-drop-cap{color:#69727d;border:3px solid;background-color:transparent}.elementor-widget-text-editor:not(.elementor-drop-cap-view-default) .elementor-drop-cap{margin-top:8px}.elementor-widget-text-editor:not(.elementor-drop-cap-view-default) .elementor-drop-cap-letter{width:1em;height:1em}.elementor-widget-text-editor .elementor-drop-cap{float:left;text-align:center;line-height:1;font-size:50px}.elementor-widget-text-editor .elementor-drop-cap-letter{display:inline-block}<\/style>\t\t\t\t<!-- wp:paragraph -->\n<h4>Son 200 il\u00a0<\/h4>\n<p><span style=\"color: #000000;\">Bu ifad\u0259ni tez-tez e\u015fidirik: \u201cS\u00fcr\u0259tl\u0259 d\u0259yi\u015f\u0259n d\u00fcnya\u201d. D\u00fcnyam\u0131z h\u0259qiq\u0259t\u0259nmi s\u00fcr\u0259tl\u0259 d\u0259yi\u015fir?<\/span><br \/><span style=\"color: #000000;\">Q\u0259dim insan\u0131n tarix s\u0259hn\u0259sind\u0259 ilk add\u0131mlar\u0131n\u0131 atd\u0131\u011f\u0131 d\u00f6vrd\u0259n m\u00fcasir insan\u0131n ya\u015fad\u0131\u011f\u0131 d\u00f6vr\u0259 q\u0259d\u0259r c\u0259miyy\u0259tin ke\u00e7diyi zaman k\u0259siyin\u0259, daha do\u011frusu bu zaman k\u0259siyinin son 50 000 ilin\u0259 ki\u00e7ik bir ekskursiya ed\u0259k. S\u0259thi bir ara\u015fd\u0131rma il\u0259 son 200 ild\u0259 insan c\u0259miyy\u0259tinin 49 800 il\u0259 nisb\u0259t\u0259n n\u0259 q\u0259d\u0259r k\u0259skin s\u0131\u00e7ray\u0131\u015fla d\u0259yi\u015fdiyini g\u00f6rm\u0259k olar.<\/span><\/p>\n<!-- \/wp:paragraph --><!-- wp:quote -->\n<blockquote class=\"wp-block-quote\">\n<p>G\u00fcnd\u0259lik h\u0259yat\u0131m\u0131zda istifad\u0259 edil\u0259n maddi qiym\u0259tlil\u0259rinin \u0259ks\u0259riyy\u0259ti m\u0259hz son 100 ild\u0259 haz\u0131rlan\u0131b! Elektron hesablama ma\u015f\u0131nlar\u0131, komp\u00fcter, \u0130nternet, r\u0259q\u0259msal pul qab\u0131, bitkoyn, s\u00fcr\u00fcc\u00fcs\u00fcz avtomobill\u0259r, pilotsuz u\u00e7an aparatlar, DNT-nin \u015fifr\u0259sinin oxunmas\u0131, s\u00fcni intellekt\u2026<\/p>\n<\/blockquote>\n<!-- \/wp:quote --><!-- wp:paragraph -->\n<p><span style=\"color: #000000;\">Bu siyah\u0131n\u0131 \u00e7ox uzatmaq olar. Onlar\u0131n h\u0259r biri h\u0259yat\u0131m\u0131za m\u0259hz son 100 ild\u0259 daxil olublar, h\u0259m d\u0259 \u00e7ox b\u00f6y\u00fck s\u00fcr\u0259tl\u0259. H\u0259yat\u0131m\u0131za s\u00fcr\u0259tl\u0259 daxil olan bir \u00e7ox texnoloji yenilikl\u0259rin \u00f6zl\u0259ri d\u0259 mahiyy\u0259tini b\u00f6y\u00fck tezlikl\u0259 d\u0259yi\u015fir. M\u0259s\u0259l\u0259n:<\/span><\/p>\n<ul>\n<li><span style=\"color: #000000;\">ilk d\u00f6vrl\u0259rd\u0259 20000 AB\u015e dollar\u0131 d\u0259y\u0259rind\u0259 qiym\u0259tl\u0259ndiril\u0259n bitkoyn d\u0259y\u0259rini c\u0259mi bir il \u0259rzind\u0259 s\u00fcr\u0259tl\u0259 3700 AB\u015e dollar\u0131na q\u0259d\u0259r d\u0259yi\u015fdi;<\/span><\/li>\n<li><span style=\"color: #000000;\">s\u00fcr\u00fcc\u00fcs\u00fcz avtomobill\u0259r art\u0131q utopiya deyil, avtomobill\u0259r t\u0259kc\u0259 yerd\u0259 deyil, g\u00f6yd\u0259 d\u0259 \u201cg\u0259zrl\u0259r\u201d.<\/span><\/li>\n<li><span style=\"color: #000000;\">adi po\u00e7t xidm\u0259ti elektron po\u00e7t \u0259v\u0259z edib. Amazon \u015firk\u0259ti is\u0259 sifari\u015fl\u0259rin \u00e7atd\u0131r\u0131lmas\u0131nda dronlardan istifad\u0259 ed\u0259c\u0259yini bildirir.<\/span><\/li>\n<li><span style=\"color: #000000;\">DNT \u015fifr\u0259nin bir faylda a\u00e7\u0131lmas\u0131 testi 1999-cu ild\u0259 2,7 milyard manata ba\u015fa g\u0259lirdi, c\u0259misi 19 il sonra bu testin qiym\u0259ti 100 dollar idi.<\/span><\/li>\n<li><span style=\"color: #000000;\">2013-c\u00fc ild\u0259 Google Glass-\u0131n \u00e7at\u0131\u015fmamazl\u0131qlar\u0131 kifayy\u0259t q\u0259d\u0259r idi, c\u0259misi 5 ild\u0259n sonra is\u0259 \u00c7in polisinin eyn\u0259yind\u0259ki kamera insanlar\u0131 skan etm\u0259y\u0259 v\u0259 cinay\u0259tkar\u0131 tapma\u011fa imkan verdi.<\/span><\/li>\n<li><span style=\"color: #000000;\">s\u00fcni intellekt \u00e7ox b\u00f6y\u00fck s\u00fcr\u0259tl\u0259 m\u00fcxt\u0259lif sah\u0259l\u0259rd\u0259 t\u0259tbiq edilir, bir ne\u00e7\u0259 il \u00f6nc\u0259 is\u0259 bu utopiya kimi g\u00f6r\u00fcn\u00fcrd\u00fc.<\/span><\/li>\n<\/ul>\n<!-- \/wp:paragraph -->\t\t\t\t\t\t<\/div>\n\t\t\t\t<\/div>\n\t\t\t\t\t<\/div>\n\t\t<\/div>\n\t\t\t\t\t\t\t<\/div>\n\t\t<\/section>\n\t\t\t\t<section class=\"elementor-section elementor-top-section elementor-element elementor-element-41850ec elementor-section-boxed elementor-section-height-default elementor-section-height-default\" data-id=\"41850ec\" data-element_type=\"section\">\n\t\t\t\t\t\t<div class=\"elementor-container elementor-column-gap-default\">\n\t\t\t\t\t<div class=\"elementor-column elementor-col-100 elementor-top-column elementor-element elementor-element-fa11abd\" data-id=\"fa11abd\" data-element_type=\"column\">\n\t\t\t<div class=\"elementor-widget-wrap elementor-element-populated\">\n\t\t\t\t\t\t\t\t<div class=\"elementor-element elementor-element-4e625ba elementor-widget elementor-widget-image\" data-id=\"4e625ba\" data-element_type=\"widget\" data-widget_type=\"image.default\">\n\t\t\t\t<div class=\"elementor-widget-container\">\n\t\t\t<style>\/*! elementor - v3.18.0 - 20-12-2023 *\/\n.elementor-widget-image{text-align:center}.elementor-widget-image a{display:inline-block}.elementor-widget-image a img[src$=\".svg\"]{width:48px}.elementor-widget-image img{vertical-align:middle;display:inline-block}<\/style>\t\t\t\t\t\t\t\t\t\t\t\t<img fetchpriority=\"high\" width=\"604\" height=\"403\" src=\"https:\/\/camilasad.zardabi.az\/wp-content\/uploads\/2024\/01\/dunya-deyisir-768x512.jpg\" class=\"attachment-medium_large size-medium_large wp-image-2207\" alt=\"S\u00fcr\u0259tl\u0259 d\u0259yi\u015f\u0259n d\u00fcnya C\u0259mil \u018fs\u0259dov\" srcset=\"https:\/\/camilasad.zardabi.az\/wp-content\/uploads\/2024\/01\/dunya-deyisir-768x512.jpg 768w, https:\/\/camilasad.zardabi.az\/wp-content\/uploads\/2024\/01\/dunya-deyisir-300x200.jpg 300w, https:\/\/camilasad.zardabi.az\/wp-content\/uploads\/2024\/01\/dunya-deyisir-1024x683.jpg 1024w, https:\/\/camilasad.zardabi.az\/wp-content\/uploads\/2024\/01\/dunya-deyisir-1536x1024.jpg 1536w, https:\/\/camilasad.zardabi.az\/wp-content\/uploads\/2024\/01\/dunya-deyisir-2048x1365.jpg 2048w\" sizes=\"(max-width: 604px) 100vw, 604px\" \/>\t\t\t\t\t\t\t\t\t\t\t\t\t\t\t<\/div>\n\t\t\t\t<\/div>\n\t\t\t\t\t<\/div>\n\t\t<\/div>\n\t\t\t\t\t\t\t<\/div>\n\t\t<\/section>\n\t\t\t\t<section class=\"elementor-section elementor-top-section elementor-element elementor-element-1bb5c69 elementor-section-boxed elementor-section-height-default elementor-section-height-default\" data-id=\"1bb5c69\" data-element_type=\"section\">\n\t\t\t\t\t\t<div class=\"elementor-container elementor-column-gap-default\">\n\t\t\t\t\t<div class=\"elementor-column elementor-col-100 elementor-top-column elementor-element elementor-element-c41adb3\" data-id=\"c41adb3\" data-element_type=\"column\">\n\t\t\t<div class=\"elementor-widget-wrap elementor-element-populated\">\n\t\t\t\t\t\t\t\t<div class=\"elementor-element elementor-element-f9a5264 elementor-widget elementor-widget-text-editor\" data-id=\"f9a5264\" data-element_type=\"widget\" data-widget_type=\"text-editor.default\">\n\t\t\t\t<div class=\"elementor-widget-container\">\n\t\t\t\t\t\t\t<!-- wp:paragraph -->\n<h4>Texnoloji inki\u015faf v\u0259 d\u0259yi\u015f\u0259n d\u00fcnya<\/h4>\n<p><span style=\"color: #000000;\">B\u00fct\u00fcn bunlar v\u0259 sadalamad\u0131\u011f\u0131m\u0131z \u00e7ox sayl\u0131 yenilikl\u0259r m\u00f6ht\u0259\u015f\u0259m d\u0259yi\u015fiklik ma\u015f\u0131n\u0131 \u2013 texnoloji inki\u015faf say\u0259sind\u0259 ba\u015f tutub. Bu inki\u015faf\u0131 yaln\u0131z g\u00fccl\u00fc bir sell\u0259 m\u00fcqayis\u0259 etm\u0259k olar. Texnoloji inki\u015faf seli o q\u0259d\u0259r s\u00fcr\u0259tl\u0259 \u201cax\u0131r\u201d ki, d\u00fcn\u0259n istifad\u0259 edil\u0259n \u0259\u015fyalar bu g\u00fcn istifad\u0259y\u0259 yaram\u0131r. S\u00fcr\u0259tl\u0259 d\u0259yi\u015f\u0259n\u00a0 texnologiyalar h\u0259yat\u0131m\u0131z\u0131n apar\u0131c\u0131 q\u00fcvv\u0259sin\u0259 \u00e7evrilir, yeni sosial- iqtisadi d\u0259yi\u015fiklikl\u0259ri \u0259sas\u0131n\u0131 qoyur.<\/span><\/p>\n<!-- \/wp:paragraph --><!-- wp:quote -->\n<blockquote class=\"wp-block-quote\">\n<p>Biz q\u0131sa m\u00fcdd\u0259t\u0259 yaz\u0131lm\u0131\u015f t\u0259limatlarla haz\u0131rlanan, q\u0131sa zaman k\u0259siyind\u0259 istehlak \u00fc\u00e7\u00fcn n\u0259z\u0259rd\u0259 tutulmu\u015f, q\u0131sa \u00f6m\u00fcrl\u00fc \u0259\u015fyalar d\u00f6vr\u00fcn\u0259 q\u0259d\u0259m qoyuruq. \u018f\u015fyalar fiziki a\u015f\u0131nmaya macal tapmadan s\u00fcr\u0259tl\u0259 m\u0259n\u0259vi k\u00f6hn\u0259lm\u0259y\u0259 m\u0259ruz qal\u0131r. N\u0259yins\u0259 yenisini almaq, onu t\u0259mir etm\u0259kd\u0259n daha s\u0259rf\u0259li olur.<\/p>\n<\/blockquote>\n<!-- \/wp:quote --><!-- wp:paragraph -->\n<p><span style=\"color: #000000;\">Bu d\u0259yi\u015fiklik seli h\u0259r g\u00fcn daha \u00e7ox informasiya t\u0259l\u0259b edir. H\u0259r 15 ild\u0259n bir elmi m\u0259qal\u0259l\u0259rin say\u0131 iki d\u0259f\u0259 art\u0131r. D\u00fcnyada elmi-texniki \u0259d\u0259biyyat\u0131n illik art\u0131m\u0131 t\u0259xmin\u0259n 60 milyon s\u0259hif\u0259 t\u0259\u015fkil edir.<br \/><\/span><span style=\"color: #000000;\">Elmi informasiya seli h\u0259yat\u0131m\u0131za el\u0259 s\u00fcr\u0259tl\u0259 daxil olur ki, d\u00fcn\u0259n h\u0259qiq\u0259t hesab edil\u0259nl\u0259r bu g\u00fcn uydurmaya \u00e7evrilir. Y\u00fcks\u0259k s\u0259ri\u015ft\u0259li m\u00fct\u0259x\u0259ssisl\u0259r daima \u00f6z s\u0259ri\u015ft\u0259l\u0259rin\u0259 \u015f\u00fcbh\u0259l\u0259nir, daim oxumal\u0131, \u00f6yr\u0259nm\u0259li olurlar.<br \/><\/span><span style=\"color: #000000;\">B\u00fct\u00fcn bu d\u0259yi\u015fiklikl\u0259r, b\u00fct\u00fcn bu sur\u0259t , bu temp insanlar\u0131n psixologiyas\u0131na, ruhi tarazl\u0131\u011f\u0131na t\u0259sir edir, bizim h\u0259yata bax\u0131\u015f\u0131m\u0131z, d\u00fcnyan\u0131 d\u0259rk etm\u0259yimiz d\u0259yi\u015fir.<\/span><\/p>\n<h4>\u0130KT, d\u0259yi\u015f\u0259n d\u00fcnya v\u0259 biz<\/h4>\n<p><span style=\"color: #000000;\">S\u00fcr\u0259tl\u0259 d\u0259yi\u015f\u0259n d\u00fcnyada bizim m\u0259\u015f\u011fuliyy\u0259timiz, i\u015fimiz, \u0259yl\u0259nc\u0259miz v\u0259 t\u0259hsilimiz d\u0259yi\u015fir.<br \/><\/span><span style=\"color: #000000;\">Biz bu d\u0259yi\u015fikliy\u0259, bu s\u00fcr\u0259t\u0259 haz\u0131r\u0131qm\u0131, uy\u011funla\u015fa bilirikmi? Bu d\u0259yi\u015f\u0259n d\u00fcnyada yaln\u0131z akademik bilikl\u0259r u\u011furun z\u0259man\u0259ti say\u0131la bilm\u0259z. Bu s\u00fcr\u0259t\u0259 uy\u011funla\u015fmaq \u00fc\u00e7\u00fcn daha f\u0259rqli, daha geni\u015f bilik, daha \u00e7ox v\u0259rdi\u015f v\u0259 bacar\u0131qlara yiy\u0259l\u0259nm\u0259k, daha \u00e7ox s\u0259ri\u015ft\u0259li olmaq laz\u0131md\u0131r.<br \/><\/span><span style=\"color: #000000;\">B\u00fct\u00fcn bu d\u0259yi\u015fiklikl\u0259rin, b\u00fct\u00fcn bu s\u00fcr\u0259tin \u0259n g\u00fccl\u00fc katalizatoru informasiya v\u0259 kommunikasiya texnologiyalar\u0131n\u0131n (\u0130KT) misli g\u00f6r\u00fcnm\u0259mi\u015f inki\u015faf\u0131d\u0131r.<br \/><\/span><span style=\"color: #000000;\">Elmi-texniki t\u0259r\u0259qqi, informasiya inqilab\u0131, internet-texnologiyalar m\u00f6vcud bilikl\u0259r sistemind\u0259 yaratd\u0131\u011f\u0131 qar\u0131\u015f\u0131ql\u0131q m\u00f6vcud bilik bazas\u0131n\u0131 daim yenil\u0259m\u0259d\u0259n h\u0259yat\u0131m\u0131z\u0131n m\u00fcxt\u0259lif m\u0259rh\u0259l\u0259l\u0259rind\u0259 sosial, professional v\u0259 elmi adaptasiya m\u00fcmk\u00fcns\u00fcz edir.<br \/><\/span><span style=\"color: #000000;\">Eyni zamanda \u0130KT s\u00fcr\u0259tl\u0259 d\u0259yi\u015f\u0259n d\u00fcnyaya uy\u011funla\u015fmaq, texnologiyan\u0131n nec\u0259 i\u015fl\u0259diyini bilm\u0259k v\u0259 yeni fikirl\u0259ri ara\u015fd\u0131rmaq, yenil\u0259nm\u0259k \u00fc\u00e7\u00fcn bacar\u0131q v\u0259 qabiliyy\u0259tl\u0259ri inki\u015faf etdirm\u0259y\u0259 k\u00f6m\u0259k ed\u0259n vasit\u0259l\u0259rd\u0259n biri, b\u0259lk\u0259 d\u0259 \u0259n vacibidir. H\u0259r an s\u00fcr\u0259tl\u0259 q\u0259bul etdiyimiz yenil\u0259n\u0259n informasiyan\u0131 qavray\u0131b t\u0259tbiq etm\u0259k \u00fc\u00e7\u00fcn komp\u00fcter texnologiyalar\u0131n\u0131n rolu \u0259v\u0259zsizdir.<br \/><\/span><span style=\"color: #000000;\">Komp\u00fcter bilikl\u0259ri \u0259ld\u0259 etm\u0259kl\u0259, bu sah\u0259d\u0259 m\u00f6vcud bilikl\u0259ri yenil\u0259m\u0259kl\u0259 daha s\u0259ri\u015ft\u0259li m\u00fct\u0259x\u0259ssis olmaq, d\u0259yi\u015f\u0259n d\u00fcnyaya daha tez uy\u011funla\u015fmaq olar.<br \/><\/span><span style=\"color: #000000;\">S\u00fcr\u0259tl\u0259 d\u0259yi\u015f\u0259n d\u00fcnyan\u0131n tempin\u0259 uy\u011funla\u015fmaq \u00fc\u00e7\u00fcn \u0130T bilikl\u0259rinizi daima yenil\u0259yin! Bunu nec\u0259 etm\u0259yin yollar\u0131n\u0131 axtar\u0131rs\u0131n\u0131zsa \u018fLAQ\u018f saxlay\u0131n, bilik v\u0259 bacar\u0131qlar\u0131m\u0131z\u0131 birg\u0259 yenil\u0259y\u0259k, s\u00fcr\u0259tl\u0259 d\u0259yi\u015f\u0259m d\u00fcnyada birlikd\u0259 d\u0259yi\u015f\u0259k!<\/span><\/p>\n<!-- \/wp:paragraph -->\t\t\t\t\t\t<\/div>\n\t\t\t\t<\/div>\n\t\t\t\t\t<\/div>\n\t\t<\/div>\n\t\t\t\t\t\t\t<\/div>\n\t\t<\/section>\n\t\t\t\t\t\t\t<\/div>\n\t\t","protected":false},"excerpt":{"rendered":"<p>Son 200 il&nbsp; Bu ifad\u0259ni tez-tez e\u015fidirik: \u201cS\u00fcr\u0259tl\u0259 d\u0259yi\u015f\u0259n d\u00fcnya\u201d. D\u00fcnyam\u0131z h\u0259qiq\u0259t\u0259nmi s\u00fcr\u0259tl\u0259 d\u0259yi\u015fir?Q\u0259dim insan\u0131n tarix s\u0259hn\u0259sind\u0259 ilk add\u0131mlar\u0131n\u0131 atd\u0131\u011f\u0131 d\u00f6vrd\u0259n m\u00fcasir insan\u0131n ya\u015fad\u0131\u011f\u0131 d\u00f6vr\u0259 q\u0259d\u0259r c\u0259miyy\u0259tin ke\u00e7diyi zaman k\u0259siyin\u0259, daha do\u011frusu<a class=\"moretag\" href=\"https:\/\/camilasad.zardabi.az\/index.php\/deyishen-dunya\/\">Read More&#8230;<\/a><\/p>\n","protected":false},"author":1,"featured_media":0,"parent":0,"menu_order":0,"comment_status":"closed","ping_status":"open","template":"","meta":{"om_disable_all_campaigns":false,"_monsterinsights_skip_tracking":false,"_monsterinsights_sitenote_active":false,"_monsterinsights_sitenote_note":"","_monsterinsights_sitenote_category":0},"aioseo_notices":[],"_links":{"self":[{"href":"https:\/\/camilasad.zardabi.az\/index.php\/wp-json\/wp\/v2\/pages\/2127"}],"collection":[{"href":"https:\/\/camilasad.zardabi.az\/index.php\/wp-json\/wp\/v2\/pages"}],"about":[{"href":"https:\/\/camilasad.zardabi.az\/index.php\/wp-json\/wp\/v2\/types\/page"}],"author":[{"embeddable":true,"href":"https:\/\/camilasad.zardabi.az\/index.php\/wp-json\/wp\/v2\/users\/1"}],"replies":[{"embeddable":true,"href":"https:\/\/camilasad.zardabi.az\/index.php\/wp-json\/wp\/v2\/comments?post=2127"}],"version-history":[{"count":27,"href":"https:\/\/camilasad.zardabi.az\/index.php\/wp-json\/wp\/v2\/pages\/2127\/revisions"}],"predecessor-version":[{"id":2221,"href":"https:\/\/camilasad.zardabi.az\/index.php\/wp-json\/wp\/v2\/pages\/2127\/revisions\/2221"}],"wp:attachment":[{"href":"https:\/\/camilasad.zardabi.az\/index.php\/wp-json\/wp\/v2\/media?parent=2127"}],"curies":[{"name":"wp","href":"https:\/\/api.w.org\/{rel}","templated":true}]}}